et d(m) = 2*m**3 - 2*m**2 + 1949*m + 5861. Determine d(-3).
-58
Let p(s) = s**3 - 14*s**2 - 35*s + 686. What is p(12)?
-22
Let p(h) = -2*h**3 - 7*h**2 - 19*h - 96. What is p(-4)?
-4
Let u(i) = 6*i**2 - 573*i + 850. Give u(94).
4
Let w(n) = n - 13. What is w(-7)?
-20
Let c(y) = 41*y**2 - 17*y + 17. Calculate c(2).
147
Let z(r) = -216*r - 211. Determine z(-1).
5
Let l(h) = -29*h - 955. What is l(-35)?
60
Let j(p) = -p**2 - 5*p + 17. What is j(-13)?
-87
Let p(f) = f**3 + 17*f**2 + 70*f - 18. Give p(-8).
-2
Let f(n) = -n**2 - 84*n + 641. Determine f(8).
-95
Let t(v) = -v**3 - 65*v**2 + 117*v + 3385. What is t(-66)?
19
Let u(s) = -s**3 - 2*s**2 - 7*s - 197. Give u(0).
-197
Let u(n) = -60*n + 1036. What is u(17)?
16
Let q(x) = x**3 - 2*x**2 - 631*x + 3071. Give q(5).
-9
Let z(p) = 135*p + 1212. What is z(-8)?
132
Let w(g) = 5*g**3 - 23*g**2 - 2*g - 35. Determine w(5).
5
Let u(o) = 20*o + 5. Give u(-51).
-1015
Let k(c) = -36*c**2 + 15*c + 822. Give k(5).
-3
Let r(u) = -12*u**2 + 166*u + 202. What is r(15)?
-8
Let x(r) = -2*r**2 + 14*r - 21. Calculate x(3).
3
Let o(i) = -i**2 + 81*i - 47. Calculate o(81).
-47
Let v(s) = -357*s + 52. What is v(1)?
-305
Let u(b) = 39*b + 604. Determine u(-14).
58
Let n(m) = -9*m**2 + 483*m - 19. Calculate n(53).
299
Let y(h) = h**2 + 15*h - 1306. Give y(29).
-30
Let u(t) = -508*t**2 + 3*t - 4. Determine u(-1).
-515
Let n(k) = 2*k**2 - 141*k - 299. Give n(-2).
-9
Let a(k) = 753*k + 728. Calculate a(-1).
-25
Let i(k) = -k**3 + 31*k**2 - 62*k + 967. Give i(30).
7
Let b(f) = -f**2 + 18*f + 752. Calculate b(38).
-8
Let h(z) = -z**3 + 25*z**2 + 92*z - 187. Calculate h(28).
37
Let j(w) = 28*w**2 + 394*w + 30. Calculate j(-14).
2
Let n(m) = 3*m**2 - 374*m - 1527. Give n(-4).
17
Let u(l) = l**2 + 916*l - 19669. Give u(21).
8
Let l(o) = -o**3 + 14*o**2 + 37*o - 57. Give l(16).
23
Let g(l) = 7*l**2 - 131*l - 1. Give g(19).
37
Let p(j) = j**2 + 357*j + 26606. Give p(-106).
0
Let i(h) = 15*h**2 + 363*h - 27. What is i(-23)?
-441
Let b(p) = p**3 + 5*p**2 - 55*p - 242. Calculate b(-8).
6
Let o(v) = -v**2 - 40*v - 155. Determine o(-15).
220
Let t(l) = l**3 - 25*l**2 - 8*l - 469. What is t(26)?
-1
Let k(g) = -g**3 - 36*g**2 - 312*g - 26. What is k(-18)?
-242
Let q(r) = -23*r**2 - 128*r - 6. Calculate q(0).
-6
Let j(t) = 7*t**2 + 68*t + 344. What is j(-6)?
188
Let z(p) = 23*p - 296. Give z(15).
49
Let x(i) = -31*i + 134. Calculate x(15).
-331
Let s(c) = -178*c + 8. Calculate s(2).
-348
Let o(z) = z**3 + 17*z**2 + 81*z + 46. What is o(-8)?
-26
Let h(a) = 14*a + 1420. Calculate h(-102).
-8
Let g(z) = 2*z**3 - 4*z**2 + 11*z + 12. What is g(-3)?
-111
Let i(b) = b**3 - 8*b**2 + 65*b - 1355. What is i(12)?
1
Let g(k) = -47*k**2 - 2159*k - 1983. Calculate g(-45).
-3
Let f(u) = -u**3 + 3*u**2 + 299*u - 1446. Calculate f(5).
-1
Let j(a) = 23*a - 28. Give j(5).
87
Let l(p) = -21*p - 150. Calculate l(-6).
-24
Let u(y) = 23*y**2 + 2454*y + 4092. What is u(-105)?
-3
Let d(o) = -2*o**2 + 72*o - 427. Determine d(25).
123
Let f(c) = -c**3 - c**2 - 11*c + 9. What is f(-4)?
101
Let u(b) = b**2 - 12*b + 17. Determine u(10).
-3
Let l(w) = -3177*w - 19067. Determine l(-6).
-5
Let b(q) = 2*q**3 + 223*q**2 + 105*q - 634. Calculate b(-111).
32
Let f(s) = s**2 - 10*s - 62. What is f(15)?
13
Let y(i) = -11*i - 78. What is y(6)?
-144
Let k(h) = 234*h - 122. Determine k(-1).
-356
Let k(p) = -3*p**3 + 3*p**2 - 2*p - 420. Give k(0).
-420
Let v(n) = -n**2 + 392*n + 27639. Calculate v(-61).
6
Let o(a) = -92*a**2 + 301*a - 69. Give o(3).
6
Let x(c) = -6*c + 170. Give x(9).
116
Let d(x) = 2*x**3 + 8*x**2 - 24*x - 96. What is d(-4)?
0
Let w(c) = -c**3 - 20*c**2 + 45*c + 12. Give w(-22).
-10
Let m(c) = c**2 - 57*c + 514. Determine m(11).
8
Let h(u) = -81*u**2 + 951*u + 242. Give h(12).
-10
Let r(m) = m**2 - 6*m + 51. What is r(7)?
58
Let q(p) = -p**3 + 18*p**2 + 96*p + 454. Determine q(23).
17
Let d(a) = 5*a**3 - 94*a**2 + 194*a - 1. Give d(2).
51
Let y(r) = -58*r**2 + 696*r + 16. What is y(12)?
16
Let l(k) = -15*k + 10. Calculate l(6).
-80
Let q(w) = -7*w**2 + 53*w + 152. What is q(-3)?
-70
Let q(c) = -11763*c + 188203. Give q(16).
-5
Let v(l) = -41*l - 384. Calculate v(-10).
26
Let a(i) = i**2 - 156*i - 23853. What is a(-95)?
-8
Let d(l) = l**3 + 77*l**2 - l - 106. What is d(-77)?
-29
Let t(p) = -2*p**2 + 253*p - 2958. What is t(13)?
-7
Let a(t) = -2248*t - 17976. Determine a(-8).
8
Let p(z) = -17*z**3 + 319*z**2 + 74*z + 27. What is p(19)?
-11
Let y(v) = -v**3 - 11*v**2 + 130*v + 1406. Give y(-10).
6
Let x(b) = 26*b - 202. What is x(5)?
-72
Let i(k) = -19*k - 387. Calculate i(-21).
12
Let b(a) = -2*a**2 + 159*a - 3174. Give b(39).
-15
Let x(k) = -298*k + 9850. Give x(33).
16
Let k(f) = -f**3 - 81*f**2 - 1485*f - 53. Calculate k(-53).
0
Let b(r) = -3*r**3 + r**2 + 25*r - 2. What is b(-4)?
106
Let z(h) = h**3 + 11*h**2 + 38*h + 153. Give z(-7).
83
Let x(q) = -16*q + 24. Give x(3).
-24
Let w(o) = 8*o**2 - 379*o + 160. Calculate w(47).
19
Let j(y) = -y**3 + 134*y**2 - 131*y - 268. Give j(133).
-2
Let p(g) = -2628*g + 2609. Calculate p(1).
-19
Let q(x) = 128*x + 5. What is q(1)?
133
Let i(q) = 3*q - 122. What is i(-32)?
-218
Let n(s) = -7*s**2 - 58*s - 2. Give n(0).
-2
Let a(m) = -m**3 + 20*m**2 + m + 22. What is a(20)?
42
Let o(m) = -10*m + 68. Calculate o(10).
-32
Let m(r) = r**3 + 25*r**2 + 42*r - 99. Determine m(-23).
-7
Let u(w) = -w**3 + 14*w**2 + 13*w - 440. Determine u(12).
4
Let t(a) = 5*a**3 + 3*a**2 + 11*a + 17. Calculate t(-2).
-33
Let x(a) = 5*a + 143. Determine x(-29).
-2
Let l(u) = -2*u**2 + 620*u + 44405. Determine l(-60).
5
Let p(m) = -m**3 + 53*m**2 + 110*m + 8. Calculate p(55).
8
Let v(y) = -y**3 + 23*y**2 - 2*y + 92. Give v(23).
46
Let x(l) = -l**3 + 4*l**2 + 5*l - 14. What is x(4)?
6
Let x(h) = h**3 + 18*h**2 + 9*h - 145. Give x(-17).
-9
Let h(c) = -c**3 - 4*c**2 - 98*c - 183. Give h(-2).
5
Let z(h) = 1462*h - 1448. Determine z(1).
14
Let v(o) = o**2 + 14*o - 120. Calculate v(-22).
56
Let x(q) = 1911*q + 17184. Determine x(-9).
-15
Let j(x) = 4*x**2 + 136*x - 527. Calculate j(4).
81
Let a(i) = i**3 - 131*i**2 - 684*i + 7. Determine a(-5).
27
Let i(t) = 132*t**2 + 1325*t + 50. Calculate i(-10).
0
Let m(q) = -q**3 - 81*q**2 + 92*q + 815. Determine m(-82).
-5
Let s(t) = -7*t**2 - 33*t + 2. Determine s(-5).
-8
Let u(t) = 3*t**3 - 17*t**2 + 8*t - 14. Determine u(5).
-24
Let t(b) = -b**3 - 41*b**2 - 215*b - 114. Give t(-35).
61
Let t(w) = 7*w**2 - 19*w - 48. Calculate t(-3).
72
Let q(y) = -28*y + 354. What is q(14)?
-38
Let m(w) = 1359*w - 46189. Determine m(34).
17
Let d(v) = 489*v**2 - 7*v - 6. Calculate d(-1).
490
Let f(b) = -9*b**2 - 192*b - 1022. Give f(-12).
-14
Let h(r) = 4*r**3 + 108*r**2 + 3*r + 93. What is h(-27)?
12
Let q(b) = -3*b**2 + 36*b - 132. What is q(4)?
-36
Let l(g) = g**3 + 13*g**2 + 13*g - 26. Determine l(-11).
73
Let c(k) = -2*k**3 - 7*k**2 + 42*k - 34. Calculate c(-7).
15
Let r(i) = -6*i + 56. Give r(27).
-106
Let p(z) = -z**3 + 24*z**2 + 77*z + 35. Give p(27).
-73
Let i(q) = -145*q - 608. Calculate i(-4).
-28
Let d(p) = 2*p**3 + 83*p**2 + 126*p + 215. Calculate d(-40).
-25
Let l(y) = y**3 + 10*y**2 - 39*y + 104. Give l(-13).
104
Let p(f) = 66*f**2 - 373*f - 46. Give p(6).
92
Let h(l) = l**2 - 346*l - 5043. Calculate h(-14).
-3
Let h(k) = k**3 - 36*k**2 + 65*k + 122. Calculate h(34).
20
Let n(m) = 2*m**3 + 33*m**2 + 20*m + 38. Give n(-16).
-26
Let d(n) = n**3 + 11*n**2 + 15*n + 24. What is d(-10)?
-26
Let t(f) = f**2 + 208*f + 637. Determine t(-3).
22
Let r(z) = 4*z - 85. Calculate r(-7).
-113
Let c(j) = -134*j - 148. Calculate c(-1).
-14
Let d(l) = l**2 + 18*l - 648. Give d(18).
0
Let n(j) = -23*j**2 - 94*j + 3. What is n(-4)?
11
Let v(q) = q**2 - 1138*q - 9162. Determine v(-8).
6
Let t(p) = -p**3 + 6*p**2 + 50*p + 23. Determine t(11).
-32
Let t(j) = -j**3 + 56*j**2 + 7*j - 393. Determine t(56).
-1
Let w(r) = r**3 + 7*r**2 + 4*r + 2. What is w(-6)?
14
Let j(f) = -12*f**2 - 6*f + 63. Determine j(0).
63
Let v(f) = -27*f**2 - 21*f + 49. Give v(3).
-257
Let u(c) = c**2 + 15*c + 52. Calculate u(-17).
86
Let b(h) = 24*h + 107. Give b(11).
371
Let l(s) = -7*s**3 - s**2 + 2*s + 2. What is l(-2)?
50
Let p(l) = -l**3 - 50*l**2 + 94*l - 529. Calculate p(-52).
-9
Let d(x) = -209*x + 1192. Calculate d(8).
-480
Let o(m) = -373*m - 1863. Determi